n**2 - 2*n - 17. Let t(d) = 20*d**3 - 14*d**2 + 5*d + 1. Let q be t(1). Calculate h(q).
-41
Let d(p) = -p**3 + 2*p**2 + p. Let c(f) = -3*f**3 + 7*f**2 + 8*f + 7. Let g(i) = -c(i) + 4*d(i). What is g(-2)?
13
Let s(w) = 2*w**3 + 5*w**2 + 3*w - 11. Let z(k) = 2*k**3 + 3*k**2 + k - 6. Let d(f) = 3*s(f) - 5*z(f). Calculate d(1).
-3
Let v(r) = -r + 1. Let s(i) = -7*i + 7. Let w(x) = -s(x) + 6*v(x). Let h be -73*(3/(0 - -3))/(-1). Suppose h - 88 = 3*d. Give w(d).
-6
Let a(d) be the third derivative of -d**6/720 - 13*d**5/120 - 25*d**4/24 + d**2 - 67*d. Let k(l) be the second derivative of a(l). What is k(-9)?
-4
Let j(n) be the third derivative of -n**4/24 + n**3/2 - 14*n**2. Let h(p) be the second derivative of 2*p**3/3 - 2*p**2 + p. Let x be h(2). Give j(x).
-1
Let x(g) be the third derivative of g**5/60 + 11*g**4/24 - 17*g**3/3 - g**2. Let b be (-4)/(-22) + (36/30 + (-3648)/(-3135))*-6. Give x(b).
8
Let v = 40669 - 40683. Let q(p) be the first derivative of -p**3/3 - 7*p**2 + 7*p + 1. Determine q(v).
7
Let z(f) = -132*f + 1587. Let q be z(12). Let t(j) be the second derivative of 4/3*j**q - 6*j + 1/2*j**2 + 0. Determine t(-1).
-7
Let p be 6/4*-1*2. Let f(s) = 2*s**2 - 3*s + 3. Let t be f(1). Let h(b) = -b**t - 2*b + 4*b**2 - 2*b**2 - 2 + b**3 + 6. Calculate h(p).
-8
Let r(d) = d**2 + 5*d. Let n be (-9 + (-30)/(-6))*6/(-8). Let m be 12/(-9)*n + 11 + 3. Suppose -2*a = -0*a + m. Calculate r(a).
0
Let n be (16/6)/((-8)/6 - (95 + -97)). Let x(f) = -17*f - 2. Determine x(n).
-70
Let l = -311 - -313. Suppose -3*k + l - 1 = 2*m, -2*k - 6 = 3*m. Let q(n) = -5*n + 3. Determine q(m).
23
Let l(h) = -3*h**2 + 3*h + 92. Let f(q) = 2*q**2 - 124*q + 1128. Let y be f(11). Determine l(y).
2
Let f(k) = -k**2 + 12*k - 25. Let m be f(3). Suppose -r - m = -2. Suppose 15*p - 14*p - 2 = r. Let b(i) = 4*i**3 - 2*i**2 + 2*i - 2. Give b(p).
26
Suppose -37*p + 223 = 112. Let k(z) be the third derivative of 0*z - 7*z**2 + 1/120*z**6 - 1/24*z**4 + 1/15*z**5 + 2/3*z**p + 0. Calculate k(-4).
8
Let v(q) = -5 + 1042*q - 350*q - 349*q - 353*q. Determine v(-2).
15
Let v = -23 - -26. Suppose v*u + 3*i + 36 = 0, 0*u + 6 = -u + i. Let s(o) be the first derivative of o**4/4 + 10*o**3/3 + 7*o**2/2 - 13*o + 110. Calculate s(u).
5
Let n(t) = -76*t - 69 + 32*t + 35*t + 12*t. Calculate n(21).
-6
Let k(i) be the second derivative of -i**5/20 + i**4/4 + 2*i**3/3 - 7*i**2/2 - 1544*i. What is k(3)?
5
Let v(a) = 61*a**2 + 15*a - 3. Suppose -217*i + 227*i - 50 = 0. Let t(j) = 30*j**2 + 9*j - 2. Let o(y) = i*t(y) - 3*v(y). Give o(-1).
-34
Let k(n) be the first derivative of -260 - 30*n - 1/3*n**3 - 8*n**2. What is k(-13)?
9
Let s(j) = -j**2 + 4*j + 7. Suppose -2*p - 2*v - 196 = 0, -322 + 28 = 3*p - 5*v. Let g = 103 + p. Give s(g).
2
Suppose 24 = -4*x + 16. Let u(c) be the second derivative of c**4/8 + c**3/6 - 11*c**2/2 + 8*c. Let m(n) be the first derivative of u(n). Determine m(x).
-5
Let w(r) = -11*r**3 + 13*r**2 - 22*r - 108. Let l(z) = -23*z**3 + 27*z**2 - 46*z - 225. Let s(p) = -12*l(p) + 25*w(p). Calculate s(2).
16
Suppose 11*g - 231 = 14*g. Let q = g - -81. Let l(s) = 5*s**2 - 3*s - 3. Let b(j) = 15*j**2 - 9*j - 8. Let x(z) = q*b(z) - 11*l(z). Determine x(2).
15
Let c(z) = -z**2 + 34*z - 36. Let d be c(33). Let u(v) = 7 + 12 - 5*v - 28 - 4*v**2 + 6 - 5*v**3 + 4*v**3. Determine u(d).
3
Let f(g) = -g + 17. Let n be 483 + -1*(-8 + 16). Let l = -460 + n. Determine f(l).
2
Let v(r) = -4*r + 62 + 76 + 78 + 75 - 249. What is v(10)?
2
Let k = -71 + 69. Let h be 8/(4 + k) - 4. Let g(n) be the first derivative of n**3/3 - n**2/2 + 3*n + 3. Give g(h).
3
Suppose 5*k + j + 24 = 0, -k - j + 33 - 37 = 0. Let h(f) = -f - 1. Let z(r) = -1. Let u(q) = -h(q) - 2*z(q). What is u(k)?
-2
Suppose 0 = -5*t - 5*g + 5, -6*g - 27 = -3*t - 3*g. Let z = -3 + 5. Let q(y) = y**3 + 10*y - 7*y**2 - t + 0*y**z - 2*y**2 - 7. Determine q(8).
4
Let w(z) = -1 + 3*z - 5968*z**3 - 2*z + 5965*z**3. Let k(s) = 4*s**3 + s**2 - 4*s + 3. Let r(h) = -k(h) - 2*w(h). What is r(1)?
2
Suppose 2*g - 63 - 485 = -4*s, 0 = -g + 2*s + 290. Let h = g + -276. Let r(d) = d**2 - 9*d + 8. What is r(h)?
-10
Let u(j) be the second derivative of j**4/2 + j**3/3 + 11*j**2/2 + 4306*j. What is u(0)?
11
Let c be ((-2)/4)/((-1)/2). Let r = 4 + c. Let o(p) = 1849 - 3696 + p + 1848. Give o(r).
6
Let l be (-5 - -7)*1636/(-8). Let w = l - -414. Let v(r) = r**3 - 6*r**2 + 2*r + 12. What is v(w)?
-3
Let k(l) = 75*l + 1. Let t = 200 - 201. Determine k(t).
-74
Let k(c) be the first derivative of -1/2*c**4 - 15 + c + 2/3*c**3 - 3/2*c**2. Let j be k(1). Let o(r) = -6*r + 1. What is o(j)?
13
Let y = -233 - -221. Let f be 108/24*16/y. Let n(z) = -z**3 - 7*z**2 - 7*z - 11. Calculate n(f).
-5
Suppose 59 - 219 = -32*a. Let g(v) = 0*v + v**3 - 4 + 6 - 6*v**2 + 2 + 3*v. Calculate g(a).
-6
Let j(l) = 21*l - 103. Let d(u) = -49*u + 308. Let v(s) = -3*d(s) - 8*j(s). Calculate v(-5).
5
Suppose -3*j + 973 - 61 = 0. Suppose 7*a = 3*a + j. Let y = a - 70. Let z(x) = x**2 - 7*x - 8. Determine z(y).
-14
Let x(h) = -201*h + 129*h + 20 + 107*h - 2*h**2. Give x(18).
2
Let q(w) be the first derivative of 12*w**2 + 811. Determine q(-3).
-72
Suppose k = -4*x + 21, -x + 140 = 12*k - 9*k. Let v(f) = 11*f - 542. Calculate v(k).
-3
Let k(q) = -11*q**3 - 14*q**2 - 6*q + 139. Let i(c) = -5*c**3 - 6*c**2 - 3*c + 62. Let b(u) = -9*i(u) + 4*k(u). Give b(2).
4
Suppose 7*h - 202 = 29. Suppose -2*f + 12 = -9*q + 8*q, -h = 4*q - 5*f. Let u(s) = 10*s + 3. Give u(q).
-17
Let n(m) = 2*m - 23. Let p(s) = -s**2 + 577*s - 5682. Let q be p(10). What is n(q)?
-47
Let d(q) = -40*q - 23. Let v(z) = 93*z + 56. Let w(u) = -12*d(u) - 5*v(u). Calculate w(-2).
-34
Suppose 4*m + 5*z + 105 = 0, 5*m = 16*z - 11*z - 120. Let q = -22 - m. Let x(w) = 2*w**3 - 4*w**2 - 2*w + 3. What is x(q)?
15
Let m(a) = 31*a**3 + 32*a**3 - 2*a + 49*a**3 - 113*a**3 + 1. What is m(1)?
-2
Let x = -76 - 65. Let k = 154 + -18. Let i = x + k. Let f(g) = g**2 + 5*g + 7. Calculate f(i).
7
Let d(h) = 39565*h**2 - 60*h - 31 + 39563*h**2 - 79120*h**2. What is d(8)?
1
Let j be (-2)/6*(-156)/2. Suppose w - 2*v + j = 5*w, 3*w + 2*v = 22. Let l(q) = q**3 - q**2 + 3*q**2 - 2*q**2 - 3 - q + w*q**2. What is l(-3)?
9
Let g(q) = -6*q**3 + 4*q**2 + 10*q - 17. Let a(c) = 38*c**3 - 25*c**2 - 61*c + 107. Let o(w) = -4*a(w) - 25*g(w). What is o(-4)?
149
Let g(w) = -4*w + 20. Let f(b) = 5*b - 27. Let d(p) = 8*f(p) + 11*g(p). Calculate d(-1).
8
Suppose -247 - 67 = -20*x + 326. Let l(q) = q**2 - 34*q + 62. Calculate l(x).
-2
Let i(v) = -8*v + 4. Let a(r) = r + 1. Let y(o) = 3*a(o) + i(o). Let p(l) = -l**2 - 884*l + 9847. Let b be p(11). Determine y(b).
-3
Let f(n) = -22*n - 363. Suppose l = y + 24, 5*l - 460 = -4*y - 493. Give f(y).
11
Let i(c) = -21 + 1 + 1 - 2*c. Let j(u) = -479*u - 123590. Let s be j(-258). Determine i(s).
-3
Suppose 25068 = 8*c + 25052. Let r = 7 + -4. Let n(h) = h + 4*h**2 + 3*h**2 - 5*h**2 + 2 - h**2 - h**r. What is n(c)?
0
Suppose -929 - 1311 = 56*c. Let w(i) = i**3 + 42*i**2 + 80*i + 6. What is w(c)?
6
Let l(b) = -8*b**2 - 4*b + 7*b**2 - 16*b + 20*b. Give l(4).
-16
Let u(y) = y**2 - 6*y + 1. Let x(q) = q**3 - 11*q**2 + 29*q + 10. Let i(h) = -6*u(h) - x(h). Calculate i(6).
-10
Suppose -125 = 52*j - 57*j. Suppose 4*b + 0*b + t = -j, 0 = -2*b - 2*t - 20. Let a(g) = -g**3 - 5*g**2 + 5*g - 6. Determine a(b).
-31
Suppose 4*a - 11 = -51. Let o(p) = p**2 + 2292*p + 1. Let k(q) = -q**2 - 2129*q - 1. Let x(c) = -14*k(c) - 13*o(c). Determine x(a).
1
Let s(c) be the first derivative of c**6/120 + c**5/30 - c**4/6 + 5*c**3/6 - 47*c**2/2 + 16. Let r(f) be the second derivative of s(f). What is r(-4)?
-11
Suppose 4*g + p = 2*g - 14, p - 40 = 4*g. Let m = -17 - -10. Let t = g - m. Let r(v) = -v**2 + 2*v + 1. Calculate r(t).
-7
Let b(m) be the first derivative of -m**4/4 - m**3/3 - m**2/2 - m - 27. Let o(t) = 5*t**2 + 7*t - 5. Let g(i) = b(i) + o(i). Calculate g(5).
-1
Let h(b) = -3*b**3 + 2*b**2 - b. Let q(n) = 69*n**3 + n**2 - 5*n - 5. Let f be q(-1). Let o = 73 + f. Let p(y) = 3*y - 14. Let r be p(o). Determine h(r).
-2
Let d = -2161 - -2162. Let r(n) = -50*n**3 + n**2. Give r(d).
-49
Let i(j) = j. Let m be i(2). Let b(a) = a**3 - 16*a**2 - 18*a + 17. Let y be b(17). Let s(t) = y*t - 6*t + 2*t + t + 5*t**2. Calculate s(m).
14
Let p(a) = -a**3 + 7*a*